 5*a**2 - 9*a - 12. Let r be j(-4). Suppose 44*g - 48*g + r = 0. Let b(w) = 0*w + 9*w - w. Determine b(g).
16
Let j(o) = 5*o**2 + 1. Suppose 27*z - 5 - 22 = 0. What is j(z)?
6
Suppose -i + 6 = 5*g, -2*g + 22 = 3*g - 3*i. Let t(n) = n**3 + 8*n**2 - n + 1. Let j be t(-8). Suppose -1 - j = g*u. Let w(p) = -5*p - 6. What is w(u)?
19
Let u(o) = 7*o**2 - o + 1. Let h be u(-1). Let r(d) = d**2 - 9*d + 8. What is r(h)?
8
Let v(j) = j**3 + 7*j**2 + 15*j + 104. Let u be v(-7). Let f(t) = -15*t - 2. Determine f(u).
13
Let n(i) = -i**2 + 6*i - 4. Let s be (-169)/2 + 1/(-2). Let j = -82 - s. Calculate n(j).
5
Let x(f) be the third derivative of f**7/840 - f**6/120 - f**5/30 + f**4/4 + 43*f**3/6 + 15*f**2. Let a(t) be the first derivative of x(t). Give a(4).
6
Let h(p) be the second derivative of p**3/6 + 3*p**2/2 + p. Suppose -5*t + g = 36, -251*t + 256*t - 4*g + 39 = 0. Give h(t).
-4
Let g(h) be the second derivative of -h**4/12 - h**3/2 - 2*h**2 - 377*h. Determine g(-7).
-32
Let y(x) = 5*x**3 + 2*x**2 - 1. Let b = 34 + -34. Suppose 0 = 3*m - 4*n + 1, -2 = -b*m - m - n. Calculate y(m).
6
Let d(z) be the third derivative of 26*z**2 - 1/12*z**4 + 0*z + 0 - 5/6*z**3. What is d(6)?
-17
Suppose -6*c + 112 = 22. Let i be (1 - -2 - 2) + 7. Suppose -i*w + c = -3*w. Let p(z) = z**3 - 3*z**2 - 5*z + 3. Give p(w).
-12
Suppose -t - 4*t = 7*t. Let n(y) be the second derivative of -y**3/6 - 5*y**2/2 + 2*y. Give n(t).
-5
Let a(c) = 5. Let g(p) = -p + 8. Let y(x) = -2*a(x) + g(x). Let o(d) = -d**2 - d - 5. Let l be o(0). Give y(l).
3
Let f(v) be the third derivative of v**4/8 + 3*v**3/2 + 2*v**2. Let j = 37 - 38. Let m be 4 + (j - 9) + 0. Calculate f(m).
-9
Let y(h) = h - 1. Suppose -2*k = 2*q, -2*q + 15 = -2*k - q. Determine y(k).
-6
Suppose x = -2*q + 15, q - 31 = -2*x - 2*q. Let k = x - 15. Let u(b) = -2*b + b - b + b**k + 6 + 3*b. Give u(0).
6
Let p be 4/(-6)*(-6)/4. Let l be 1*(0 - p) + -3. Let j(o) = 3*o + 4. What is j(l)?
-8
Suppose -11*k = k - 156. Let u = k + -7. Let l(i) be the third derivative of -i**4/8 + i**3/2 + i**2. What is l(u)?
-15
Let q(b) = -2*b**3 - 2*b**2 - 2*b + 1. Suppose -3*v = -11*v + 32. Suppose -3*o = -o + v. Determine q(o).
13
Let u(s) be the first derivative of 17*s**4/4 - s - 577. What is u(-1)?
-18
Let r be (-1 + -6)*(-13)/(182/36). Suppose -o + 3*c = -r, 2*o - 9 - 15 = 3*c. Let d(n) = n**2 - 6*n - 6. Determine d(o).
-6
Let k(o) = -32*o. Suppose -22*l + 71 = 49. Determine k(l).
-32
Let v(k) = 2 + k - 2 + 0 + 1. Suppose -f + 12 = 3*c + 28, c - 8 = 3*f. Give v(f).
-3
Let g(z) = 6*z**2 + z - 14. Let w(d) = -d**2 + 4. Let t(q) = g(q) + 5*w(q). What is t(-8)?
62
Let f(n) be the first derivative of -n**3 - 16*n**2 + 7*n - 278. Determine f(-11).
-4
Let j(x) = -x**3 - 5*x**2 + 8*x + 7. Let d(a) = -a**2 - 4*a - 2*a + 30 + 0*a + 4*a. Let k be d(0). Suppose -k = h + 4*h. Determine j(h).
-5
Let k(w) = -w**3 + 6*w**2 - 2*w + 7. Suppose 0*h + 4 = -h. Let f = 10 + h. Give k(f).
-5
Let b(p) = -3*p**2 - 3*p**2 + 6*p - 3*p**3 + 4*p**3. Let w(a) be the first derivative of -a**4/4 - 7*a**3/3 + 5*a - 66. Let s be w(-7). Calculate b(s).
5
Suppose -3*s - s = -20. Let k(j) be the first derivative of j**7/840 - j**6/90 - j**5/40 + 4*j**3/3 - 2. Let d(l) be the third derivative of k(l). Give d(s).
10
Let q be 2/11 + 52/(-44) + 212. Let w(k) = 0*k**2 - k**2 - 214 + q - 3*k. Determine w(-2).
-1
Let u(k) = -4*k**3 - k**2 - 2. Let q(d) = -5*d**3 - 15*d**2 - 15*d - 22. Let n(p) = q(p) - u(p). Determine n(-13).
6
Let t(u) = -2*u + 4. Let r(x) = -x**2 - 10*x + 16. Let j be r(-11). Let y = j + 1. Let c = 11 - y. Calculate t(c).
-6
Let h(o) = 6*o**2 + 3*o - 3. Let r be (-34)/(-8) - (-1)/(-4). Suppose 3*s + 26 = 6*s + 5*y, -r*s = 3*y - 20. Determine h(s).
27
Let u(a) be the second derivative of 2/3*a**3 + 3/2*a**2 + 19*a + 1/12*a**4 + 0. Give u(-4).
3
Suppose 4*q + 198 = 2*d, d + d - q = 186. Let a = d + -94. Let o(z) = 3*z**2 + 4*z + 2. Give o(a).
17
Let l be 11/(1 + 3 - 3). Let y(o) = o - 9. Give y(l).
2
Let o(t) be the second derivative of 3*t**5/10 - t**4/6 + t**2/2 + 34*t. Suppose -3*r = -1 - 2. Determine o(r).
5
Let r be 4/14 - (-168)/98. Let w(h) = -h**3 - 3 + h**r - 6*h**2 + h**2 - 2*h. Calculate w(-3).
-6
Let c(u) = u - 4 + 2 + 3. Let p = -29 - -29. Give c(p).
1
Let w(t) be the first derivative of -3 + 1/2*t**2 - 4*t. Suppose m = -2*i + 10, 2 = 4*m - 4*i - 2. Calculate w(m).
0
Let p = 351/670 - 8/335. Let m(n) be the first derivative of -6*n - p*n**2 - 10. Calculate m(5).
-11
Let c(h) = -h**2 - 2*h + 3. Let r be 17/15 + -1 + (-129)/(-45). Determine c(r).
-12
Let u(x) = -7*x + 32*x**2 + 2*x + 11 - 9*x - 33*x**2. What is u(-15)?
-4
Let r(x) = -x**3 + 7*x**2 - x + 3. Suppose f - 5*b + 11 = 0, -4*f + b - 10 = -2*b. Let y = 24 + -16. Let s = y + f. Determine r(s).
-4
Let g(l) = l - 4. Let u be g(3). Let w(k) = -7*k. Give w(u).
7
Let h be 5/((-15)/9) + (-2)/1. Let g(n) = 2*n**2 + 7*n - 1. Give g(h).
14
Let b(v) = -v**3 - 2*v**2 - v - 2. Let l be b(-3). Let n(h) = -h - 2. Give n(l).
-12
Let p(a) = 14 + 10 + 2*a + 1 + 12 - 7. Calculate p(-9).
12
Suppose 0 = -2*g - u - 17, 4*u + 2 = 3*g - 0*u. Let q(i) be the first derivative of -i**4/4 - 5*i**3/3 + 3*i**2 - i + 2. Calculate q(g).
-1
Let t(g) = g**3 - 50 - 8*g**2 + 26 + 24. What is t(8)?
0
Let o(w) = 3*w. Let g = 22 + -29. Give o(g).
-21
Suppose -i = -0*i - 3. Let a(k) be the second derivative of -k**5/60 + k**4/6 - k**3/2 + 9*k**2/2 + 8*k. Let f(s) be the first derivative of a(s). Give f(i).
0
Let j(g) = -g**2 - 6*g - 3. Suppose -8*t + 53 = 3*l - 3*t, -43 = -5*l + 3*t. Let p = 39 - 21. Suppose -p = l*u - 8*u. What is j(u)?
-3
Let b = -37 - -41. Let d(v) be the third derivative of -1/24*v**b + 3*v**2 + 1/6*v**3 + 0 + 0*v. What is d(1)?
0
Let r(o) = 4*o**3 + 11*o**2 + 9*o + 1. Let c(d) = -3*d**3 - 9*d**2 - 8*d - 2. Let m(f) = -3*c(f) - 2*r(f). Give m(-4).
-4
Let h(b) = -5*b - 2. Let w be (190 - 3)*(-1)/(-1). Let r = -132 + w. Let a be (-88)/r - 4/10. Give h(a).
8
Let y(b) = 2*b + 1. Let u = -13 - -27. Suppose 18 = -4*o - c, 0*c = 4*o + 3*c + u. Calculate y(o).
-9
Let o(n) be the third derivative of -1/3*n**3 + 0*n + 26*n**2 - 1/12*n**5 - 1/8*n**4 - 1/120*n**6 + 0. Give o(-4).
-6
Let j(s) = -7*s - 8. Let o(m) = 8*m + 9. Let p(g) = 24*g + 27. Let f(b) = -8*o(b) + 3*p(b). Let w(u) = 5*f(u) + 6*j(u). Suppose -2*n - 25 = 3*n. Calculate w(n).
7
Let c(k) = 31*k - 6. Let u(m) = -34*m + 7. Let v(h) = 6*c(h) + 5*u(h). Give v(1).
15
Suppose 0*p = -q + 4*p + 17, -3*q - 2*p = 19. Let y be (-4 - q) + 24/(-2). Let j = 13 + y. Let x(f) = -f + 9. Calculate x(j).
9
Let t(l) be the first derivative of -5*l**3/3 - l**2 - l + 10. Give t(-3).
-40
Let y(q) = q**3 + 9*q**2 + 4*q + 4. Let j(x) = -x**2 - x + 1. Let p(h) = -2*j(h) - y(h). Determine p(-7).
8
Let n(g) = -g + 1. Let s be (-6)/(-16) + (-295)/40. Let x = s - -13. Determine n(x).
-5
Let n(v) be the third derivative of v**4/8 + 3*v**3/2 - 455*v**2. What is n(-4)?
-3
Let q(a) = -a**3 + 10*a**2 - 8*a - 7. Let x = -7 - -16. Let k be q(x). Let d(g) = -8 + 0*g + 7 - g - 4*g**k - g**3. Give d(-4).
3
Let n(k) be the second derivative of 1/3*k**3 + 0 - 3*k**2 + 5*k. Calculate n(4).
2
Let o = 27 - 12. Let x = o + -12. Let s(g) = -5 - 2*g + 1 + g + x. Determine s(3).
-4
Let v(c) be the second derivative of -1/3*c**3 + c**2 + 0 + 50*c - 1/4*c**4 + 1/20*c**5. Give v(4).
10
Let v(z) = z**2 - 13*z + 6. Let l be v(11). Let w = l + 7. Let y = -3 - w. Let g(n) = -n + 5. Give g(y).
-1
Let m(x) be the second derivative of -x**5/20 + 2*x**3/3 - x**2 + 18*x + 1. Determine m(3).
-17
Let c be 2 - (-1 - 1*6). Let t(g) = 7*g - 5. Let m(k) = -k - 1. Let h(d) = -6*m(d) - t(d). Let r be h(c). Let l(j) = j**2 - 4*j + 3. Determine l(r).
-1
Let w(f) = -51*f - 36*f + 88*f + 12. Determine w(-5).
7
Let c(f) be the first derivative of -f**3/3 + 6*f**2 - 3*f + 217. Calculate c(9).
24
Let y(o) = o**3 + 3*o**2 - 8*o + 14. Let s be y(-5). Let q(w) = -w**3 + 5*w**2 - 6*w. Calculate q(s).
-8
Let s(i) = i - 7. Let m(t) be the first derivative of -t**2/2 + 4*t + 13. Let z(b) = -5*m(b) - 3*s(b). What is z(2)?
5
Let a(x) = 9*x**3 + 7*x**2 - 15*x. Let s(v) = -5*v**3 - 4*v**2 + 8*v. Let t(p) = -4*a(p) - 7*s(p). Let n = 86 - 78. Suppose 76 = n*k + 52. Calculate t(k).
-15
Let n(q) = -10*q - 85. Let h be n(-9). Let u(i) = 2*i - 5. What 